ue
Is 464 a factor of 7150041900?
False
Is 1414 a factor of 1460675287?
False
Does 143 divide 22420718?
False
Is 16 a factor of 77710429?
False
Is 39690847 a multiple of 11?
False
Is 8 a factor of 9550821?
False
Does 10 divide 4949432220?
True
Is 1400 a factor of 13393800?
True
Is 928 a factor of 823814368?
True
Is 1005 a factor of 10314951?
False
Is 74 a factor of 7338675?
False
Is 9721700 a multiple of 20?
True
Is 117 a factor of 16802838?
True
Does 18 divide 2513340?
True
Does 9 divide 80991742?
False
Does 74 divide 251464432?
True
Is 512476921 a multiple of 1211?
False
Is 2945925214 a multiple of 3194?
True
Does 5 divide 40495611?
False
Is 60961632 a multiple of 1416?
True
Is 5042912 a multiple of 479?
True
Does 4 divide 1939533?
False
Is 13 a factor of 5438069?
True
Is 484 a factor of 3509006?
False
Is 183985542 a multiple of 20?
False
Is 72114432 a multiple of 78?
True
Is 13986608 a multiple of 26?
False
Is 969625040 a multiple of 22?
False
Does 191 divide 4525745?
True
Is 167950880 a multiple of 547?
True
Is 83024000 a multiple of 32?
True
Does 44 divide 1264574126?
False
Does 1128 divide 16065645?
False
Is 2612117672 a multiple of 13155?
False
Does 16 divide 247316400?
True
Is 588 a factor of 16252084?
False
Is 108 a factor of 716051340?
True
Does 116 divide 2225413425?
False
Is 38 a factor of 1733788?
True
Does 311 divide 569011533?
False
Does 1314 divide 1478061635?
False
Does 14 divide 448204431?
False
Is 335709230 a multiple of 10?
True
Is 17188440 a multiple of 4540?
True
Does 172 divide 29377772?
True
Is 17970762 a multiple of 158?
True
Is 18 a factor of 241692183?
False
Does 7 divide 11588941?
True
Is 550 a factor of 743705452?
False
Does 471 divide 824522096?
False
Is 24182080 a multiple of 26?
True
Is 23 a factor of 103325290?
False
Is 222 a factor of 39314202?
True
Is 14 a factor of 104241130?
True
Does 9 divide 101967320?
False
Does 505 divide 193249054?
False
Is 24 a factor of 3725259000?
True
Is 711672 a multiple of 78?
True
Is 3873 a factor of 992716601?
False
Is 4079 a factor of 275520134?
True
Does 45 divide 232089181?
False
Is 639265719 a multiple of 777?
False
Is 10708072 a multiple of 24?
False
Is 648 a factor of 203290560?
True
Is 65506576 a multiple of 851?
True
Is 596511176 a multiple of 2122?
True
Is 16 a factor of 1530820189?
False
Is 949 a factor of 11086218?
True
Is 25 a factor of 6225700169?
False
Is 10 a factor of 168343700?
True
Does 11 divide 156698850?
True
Is 13067055 a multiple of 95?
False
Is 152323259 a multiple of 1382?
False
Does 5 divide 31747084?
False
Does 79 divide 910362?
False
Is 161483828 a multiple of 11?
True
Does 738 divide 84070008?
True
Is 289811881 a multiple of 500?
False
Is 835 a factor of 2509440885?
False
Is 85 a factor of 8895567?
False
Does 6 divide 5450814?
True
Is 79589440 a multiple of 354?
False
Is 634490790 a multiple of 30?
True
Does 191 divide 286649780?
False
Does 34 divide 52051523?
False
Is 1172320336 a multiple of 4?
True
Is 351 a factor of 73546059?
False
Is 4176 a factor of 1388135727?
False
Is 8 a factor of 4745185?
False
Does 137 divide 2309393108?
True
Is 337 a factor of 927297625?
True
Is 5179880 a multiple of 40?
True
Is 18 a factor of 536191370?
False
Is 3 a factor of 47942097?
True
Does 9 divide 2832244317?
True
Is 139657025 a multiple of 1368?
False
Is 7444 a factor of 155110628?
True
Does 84 divide 2910884?
False
Is 115780523 a multiple of 1793?
False
Is 481780490 a multiple of 594?
False
Is 378 a factor of 629759340?
True
Does 188 divide 194671872?
False
Does 692 divide 5242889?
False
Does 26 divide 22707906?
True
Is 1675644406 a multiple of 907?
True
Is 337296963 a multiple of 73?
False
Is 6 a factor of 9726594?
True
Is 5 a factor of 10212981?
False
Does 25 divide 134256173?
False
Is 32023335 a multiple of 2955?
True
Does 21 divide 1201650494?
False
Is 4801797 a multiple of 169?
True
Does 2173 divide 412858396?
False
Is 1836230760 a multiple of 552?
True
Does 36 divide 541807351?
False
Does 18 divide 1845643248?
True
Is 14 a factor of 826130?
False
Is 2358 a factor of 40416120?
True
Is 608 a factor of 30750816?
True
Is 22 a factor of 124876890?
False
Is 24 a factor of 244646808?
True
Is 1343 a factor of 213393677?
False
Is 143622125 a multiple of 13?
False
Is 185255046 a multiple of 10?
False
Is 3 a factor of 92363192?
False
Is 1683 a factor of 161382870?
True
Does 243 divide 78944867?
False
Is 134 a factor of 268677979?
False
Is 4987342 a multiple of 626?
True
Does 1905 divide 489895515?
True
Does 546 divide 56015712?
False
Is 35 a factor of 52983525?
True
Is 613046784 a multiple of 7504?
True
Does 86 divide 4504422?
True
Is 1844155530 a multiple of 406?
True
Does 32 divide 354566961?
False
Is 82689921 a multiple of 1207?
False
Does 3 divide 1115608?
False
Is 1347 a factor of 89007342?
False
Is 17 a factor of 6514?
False
Is 7788281 a multiple of 67?
True
Is 1227 a factor of 82292287?
False
Is 4014849576 a multiple of 12?
True
Is 10 a factor of 30909210?
True
Is 395216799 a multiple of 19?
False
Does 3 divide 134053524?
True
Is 10 a factor of 6196360?
True
Is 363 a factor of 431927166?
True
Is 400042910 a multiple of 13?
False
Does 94 divide 7925892?
True
Is 2516036922 a multiple of 2427?
True
Is 210205208 a multiple of 16?
False
Does 26 divide 1721217316?
True
Does 41 divide 85778724?
True
Does 95 divide 418403655?
True
Is 6 a factor of 6846233?
False
Does 1017 divide 28921446?
True
Does 63 divide 2383735?
False
Is 1326468 a multiple of 39?
True
Is 404 a factor of 396229894?
False
Is 1216103093 a multiple of 149?
False
Is 21 a factor of 2831087518?
False
Is 613813736 a multiple of 22?
False
Is 512760853 a multiple of 11?
True
Is 1199 a factor of 852696427?
True
Is 3 a factor of 14061905?
False
Does 11 divide 231144851?
False
Does 48 divide 31692528?
True
Is 96 a factor of 10339428?
False
Does 40 divide 93147141?
False
Is 71 a factor of 1168714528?
True
Is 1861 a factor of 29902548?
True
Is 107248800 a multiple of 200?
True
Does 32 divide 3535664000?
True
Is 1560353571 a multiple of 7?
True
Does 340 divide 223459560?
True
Does 3 divide 353003360?
False
Is 32598472 a multiple of 386?
True
Is 6 a factor of 181832310?
True
Is 2848 a factor of 206237920?
True
Is 30405952 a multiple of 285?
False
Is 51426141 a multiple of 247?
True
Is 15060048 a multiple of 696?
True
Is 1695 a factor of 165828630?
True
Does 1690 divide 3637143674?
False
Is 34 a factor of 2865812468?
True
Is 24418648 a multiple of 76?
True
Is 1574731759 a multiple of 47?
False
Is 117064850 a multiple of 826?
True
Is 7061028 a multiple of 78?
True
Does 48 divide 31941864?
False
Is 73 a factor of 160471116?
False
Is 2361966 a multiple of 38?
True
Is 61 a factor of 223844348?
False
Is 1634 a factor of 19514029?
False
Is 146660067 a multiple of 7?
False
Is 4 a factor of 54796848?
True
Is 546485722 a multiple of 12?
False
Is 3081593 a multiple of 2874?
False
Is 870 a factor of 199052516?
False
Is 806518051 a multiple of 40?
False
Is 2904443556 a multiple of 643?
False
Is 68735297 a multiple of 667?
False
Does 10 divide 52183711?
False
Is 14 a factor of 29263168?
False
Is 10 a factor of 1092269980?
True
Does 293 divide 62675116?
False
Is 207 a factor of 33312924?
True
Is 23337743 a multiple of 1819?
False
Does 16 divide 677229920?
True
Does 720 divide 42693840?
True
Does 97 divide 34487380?
True
Is 4539016 a multiple of 27?
False
Does 32 divide 5550666?
False
Does 35 divide 21831965?
False
Is 1104995578 a multiple of 19?
True
Is 3466023813 a multiple of 650?
False
Is 32 a factor of 425460512?
True
Is 1413808963 a multiple of 101?
False
Is 597 a factor of 410982561?
True
Is 26 a factor of 99882803?
False
Is 673 a factor of 8732303?
False
Does 15 divide 2653944240?
True
Does 234 divide 154440702?
True
Is 3704 a factor of 1259367131?
False
Is 2090269691 a multiple of 107?
False
Is 416 a factor of 170700608?
True
Is 136 a factor of 14794216?
True
Is 401303294 a multiple of 383?
False
Is 108 a factor of 745599938?
False
Does 52 divide 29167275?
False
Is 157 a factor of 219587700?
False
Is 150275870 a multiple of 310?
False
Is 3908815347 a multiple of 541?
True
Is 1027192095 a multiple of 45?
True
Is 923388579 a multiple of 387?
True
Is 425 a factor of 1169894861?
False
Does 604 divide 5507213?
False
Do